+ (-108 - -97)?
6
Suppose 0 = -2*k + 10, u = -k - 4*k + 43. Let s(b) = 11*b + 136. What is the units digit of s(u)?
4
Suppose -11 = -s - 3*n + 6*n, 4*n + 28 = 4*s. What is the tens digit of s/20*8 - -92?
9
Suppose -1672 = 26*d - 5884. Suppose 0 = -3*h + 3*j + 261, -3*j = 2*h - j - d. What is the tens digit of h?
8
Let k(n) = -7*n**3 + 3*n**2 + 5*n - 59. Let p(f) = 2*f**3 - f**2 - f + 15. Let q(j) = 2*k(j) + 9*p(j). What is the hundreds digit of q(5)?
4
Suppose -2*b + 0*b = 4*y + 28, 3*y + 15 = 0. Let w be b + 10 + 1 + -4. Suppose -35 = -n + h + h, -w*h = 3*n - 69. What is the tens digit of n?
2
Suppose -27*g + 98921 = 4556. What is the thousands digit of g?
3
Suppose 558441 - 5060553 = -16*x - 80*x. What is the thousands digit of x?
6
Let j be (-52)/(1 + 234/(-222)). Let g = j + 587. What is the hundreds digit of g?
5
What is the tens digit of 26*((-5873)/(-14) + 7 - -6)?
4
Let u(p) be the second derivative of 2*p**3/3 + 11*p**2 + 28*p - 1. Let g be u(-4). Suppose -9*j + 393 = -g*j. What is the tens digit of j?
3
Let f(h) = -21 + 1 - 220*h + 225*h. Let j be f(4). What is the units digit of j - 14*(-4 - 1)?
0
Let u = -91 - -84. Let f(r) = -3*r**3 - 10*r**2 - r - 16. What is the tens digit of f(u)?
3
Suppose 0 = 17*c - 3 - 48. What is the tens digit of (-5823 - -19)/(c - 7)?
5
Let h = 14 - -21. Let x = h - 35. Suppose m = x, -2*k - 3*m - 11 = -113. What is the units digit of k?
1
Let i(f) be the second derivative of -f**4/12 + f**3/2 + 143*f**2/2 + 70*f. What is the hundreds digit of i(0)?
1
Let m = 42 - 51. Let r be 0 + 3/m + 475/3. Let d = 310 - r. What is the hundreds digit of d?
1
Let g(l) be the third derivative of l**6/120 + 7*l**5/30 + l**4/3 - 5*l**3/2 + 2*l**2 + 37*l. What is the tens digit of g(6)?
5
Suppose 0 = -3*q + 4*c - 5, 3*q - 5 = q + c. Suppose q*o - 1808 = 4*r, 2*o + r - 716 = -r. What is the tens digit of o?
6
Let h(q) = q**3 + q - 76. Let o be h(0). Let c = 85 + o. Suppose -134 - 802 = -c*a. What is the tens digit of a?
0
Let y = -2538 + 4342. Suppose -y - 5821 = -25*c. What is the tens digit of c?
0
Let z(n) = -2*n**2 + 31*n - 13. Let s be z(15). Suppose -s*k - 9*k + 22 = 0. Suppose -k*r = 2*w - 310, 312 = 2*w + 6*r - 5*r. What is the tens digit of w?
5
Suppose 14*y - 1325 = 19*y. Let b be ((-96)/(-30))/(-4)*y/2. Let c = b - 70. What is the tens digit of c?
3
Let o = 10927 - 7540. Suppose 0 = 11*k - o - 10770. What is the tens digit of k?
8
Suppose -10 = -74*r + 75*r. Let h be 1*(-2)/5*r. Suppose 2*i - 8*k + h*k - 106 = 0, 3*k + 265 = 5*i. What is the units digit of i?
3
Let v = 3 + 57. Suppose -126 = v*h - 62*h. Let z = h - 57. What is the units digit of z?
6
Suppose 4*i - 2959 = b + 14629, 5*i = 2*b + 21982. What is the tens digit of i?
9
Suppose 1600 = 17*o - 3432. Let s = -96 + -84. Let m = o + s. What is the tens digit of m?
1
Let t = 1197 + -387. Let z = t + -187. What is the units digit of z/4 + (-3)/(-12)?
6
Suppose -25*n - 53352 = -272602. What is the thousands digit of n?
8
Suppose -2*y + 2 = 0, 2*o - 4*y - 11286 - 2182 = 0. What is the tens digit of o?
3
Suppose -1096412 = -405*j + 477473 + 543050. What is the tens digit of j?
2
Let q(a) = -2*a**2 - 26*a - 11. Let p be q(-11). Suppose -s + 67 = -p. Let g = -56 + s. What is the units digit of g?
4
Suppose -3*t = 2*n + 12 + 3, -5*n + 2*t = 9. Let c = n + 3. Suppose c = -3*h + 5*y - 7*y + 408, -4*h = 4*y - 544. What is the units digit of h?
6
Suppose 69*w = 40*w + 242652 + 627290. What is the tens digit of w?
9
Let i(l) = -137*l**2 - 2*l + 1. Let j be i(2). Let c = 269 + -1048. Let z = j - c. What is the units digit of z?
8
Let i = 87 + -111. Let k = i + 28. Suppose k*n - 825 = -5*f, 3*n = f + 4*f + 645. What is the hundreds digit of n?
2
Let l = 65 - 62. Suppose l*w - 7 + 1 = 0. Suppose -3*b - 5*q - w = -0*q, -5*b - 3*q + 18 = 0. What is the units digit of b?
6
Suppose 25699 = 6*f + 25*f. Let i = 1692 - f. What is the units digit of i?
3
What is the tens digit of (-54606 - 40/10)/(-2)?
0
Let h(y) = y**3 + 13*y**2 - 3*y - 53. Let i be h(-7). Let f = i + -138. What is the hundreds digit of f?
1
Suppose -5*b = 3*a - 61298, -5*b + 6*a = 4*a - 61318. What is the thousands digit of b?
2
Suppose 0 = -11*l + 8*l + 6. Suppose -g - 3*v = -361, l*g = v - 6*v + 720. What is the tens digit of g?
5
Let y(w) = w**2 + 12*w - 4. Let m be y(-13). Let a be (m - 2) + 16/(-8). Suppose -3*h + 0*h = 12, -3*c + a*h + 494 = 0. What is the hundreds digit of c?
1
What is the thousands digit of -198*(39/91 - (0 + (-465)/(-7)))?
3
What is the hundreds digit of 487/(((-26)/65)/((-48)/20))?
9
Let p = 39962 - 18072. What is the units digit of p?
0
What is the units digit of ((-14)/12)/1 - 5468918/(-156)?
6
Suppose -i = -3 + 7, 0 = -2*a - i + 1740. What is the tens digit of a?
7
Suppose -500*l - 1423815 + 31116427 = -11093888. What is the thousands digit of l?
1
Suppose 9 = -q + 4*q. Suppose -19 = 8*f - q. Let t(l) = -7*l + 5. What is the tens digit of t(f)?
1
Let d(z) be the second derivative of 29*z**3/3 - 103*z**2/2 + 2*z + 6. What is the units digit of d(17)?
3
What is the tens digit of 0/((-6)/(-6)) + 9 + -2 - -10965?
7
Suppose 0 = 2*p - 6*p - 24. What is the tens digit of p*(-242)/(-4)*2/(-2)?
6
Let a(f) = 3*f**3 - 16*f**2 - 5*f - 5. Let l be a(8). Suppose 2*s - 4*j = 970, -5*j + l = s - j. What is the units digit of s?
9
What is the ten thousands digit of (-9)/((-36)/80) + 23342?
2
Suppose 2*s - 24 = 2*c, 5*s + 3 = 4*c + 52. Let t(q) = 3*q**2 + 10*q + 21. Let u be t(c). Suppose u + 196 = 5*m. What is the units digit of m?
4
Let b be -16*-2*(-6)/24. What is the hundreds digit of 1/(438/868 - b/(-16))?
2
Let m = 2336 + -979. Let p = m - 969. What is the hundreds digit of p?
3
Let d(w) = -5*w**3 - w**2 + 2*w + 2. Let j be d(-2). Let g = 39 - j. Suppose h - 2*n = 6*h - 583, 5 = -g*n. What is the units digit of h?
7
Suppose -596 = -n - n + 4*c, -2*c + 566 = 2*n. Let f be (n/(-10))/(-2 + (-822)/(-420)). Suppose 17*x = 20*x - f. What is the tens digit of x?
2
Let v = 11 + -4. Suppose -9*t + 34 = -v*t. Let p(s) = s**2 - 8*s - 54. What is the tens digit of p(t)?
9
Let h be (-50932)/(-306) - (-4)/(-9). Suppose z + h - 172 = 0. What is the units digit of z?
6
Let r(o) = o**3 + 16*o**2 - 38*o - 43. Let c be r(-18). Let g(m) = -30*m + 12. What is the hundreds digit of g(c)?
2
Suppose 0 = -b - 5*c + 4*c - 3, -4*b = -4*c + 44. Let z = -1 - b. Suppose n - z*n = -210. What is the units digit of n?
2
Suppose 13*z + 113962 - 186736 = 0. What is the thousands digit of z?
5
Let f = 4315 + -3678. What is the units digit of f?
7
Suppose -2*p + 4*p = 0. Suppose 4*n - 6 - 34 = p. Let g(t) = 7*t - 21. What is the tens digit of g(n)?
4
Let f(q) = -2*q + 6. Let y(a) = a + 8. Let m be y(-6). Let w be f(m). Suppose 6*c - 104 = w*c. What is the units digit of c?
6
What is the thousands digit of -1*(-6879 + 0) + 5?
6
Suppose 0 = 9*j - 63647 + 22013. Suppose -3*p - j = -4*q - 2*p, 4*q - 4622 = -p. What is the hundreds digit of q?
1
Suppose -3*z - 1979*d + 1983*d + 58110 = 0, 4*d = 2*z - 38744. What is the ten thousands digit of z?
1
Suppose -8*r + 3*r - 4*d = 106, 4*r = d - 68. What is the hundreds digit of ((-53655)/r)/5 - 6/36?
5
Suppose -43 + 8 = f. What is the tens digit of f/7 + 452*(-2)/(-4)?
2
Suppose 0 = 2*w - w - 3*q - 23994, 0 = -5*q - 20. Suppose -76*u + 62*u = -w. What is the tens digit of u?
1
Let l be (-5)/(-2)*(-8)/(-10). Let r(q) = -10*q + 19 + 10*q + 5*q**2 - 20. What is the units digit of r(l)?
9
Suppose 512*g + 12 = 514*g. Suppose -z + 3*p = 4*p - 249, -g = 3*p. What is the units digit of z?
1
Let s(x) = -x**2 - 7*x + 4. Let b be s(0). What is the units digit of (-7 - 2)*(-220)/b?
5
Suppose -549732 = -199*x - 260149 + 1369082. What is the tens digit of x?
3
What is the ten thousands digit of (151098/(-8) - 0)/((-66)/1232*7)?
5
Let u be (0 - -16410)*13*6/234. Suppose -8*r + 3*r - 5*z + u = 0, 3*z - 1086 = -r. What is the hundreds digit of r?
0
Let l be ((-102)/(-4) - 3)*2. Suppose l + 74 = n. What is the hundreds digit of n?
1
Suppose 0 = 73*k - 727214 - 350266. What is the hundreds digit of k?
7
Let n(d) = -5*d**2 + 3*d + 2652. What is the thousands digit of n(0)?
2
Let l(y) = -y**2 + 13*y - 7. Let f be l(10). Suppose f*a = 25*a - 78. Suppose -35*b = -a*b + 852. What is the tens digit of b?
1
Let p(